{"id":55985,"date":"2023-10-29T10:01:47","date_gmt":"2023-10-29T10:01:47","guid":{"rendered":"https:\/\/otosoket.com\/index.php\/product\/soket-2\/"},"modified":"2026-04-04T06:50:29","modified_gmt":"2026-04-04T06:50:29","slug":"soket-2","status":"publish","type":"product","link":"https:\/\/otosoket.com\/index.php\/product\/soket-2\/","title":{"rendered":"1K008"},"content":{"rendered":"<p>\u00d6L\u00c7\u00dc: H: 20.9 W: 19.3 L: 27.4<\/p>\n<ul>\n<li>HONDA Klima Kompres\u00f6r Bobin Soketi ACCORD 2.4 2003\u20112007<\/li>\n<li>HONDA\u00a0<span id=\"productTitle\" class=\"a-size-large product-title-word-break\">Vuruntu Sens\u00f6r Soketi\u00a0<\/span><\/li>\n<\/ul>\n<p>2.0 B serisi hoparl\u00f6r fi\u015fi kablo soketi BS H\u0131z Sens\u00f6r\u00fc Otomotiv su ge\u00e7irmez soket 6181-0227 6189-0386 Honda Accord SV4, SM4, H22A Vtec Solenoid Soketi<\/p>\n","protected":false},"excerpt":{"rendered":"<ul>\n<li id=\"title\" class=\"a-size-large a-spacing-none\"><strong><span id=\"productTitle\" class=\"a-size-large product-title-word-break\">Vuruntu Sens\u00f6r Soketi<\/span><\/strong><\/li>\n<li><strong>Korna Sens\u00f6r Soketi <span style=\"color: #ffffff;\">6189-0386 6181-0227<\/span><\/strong><\/li>\n<li><strong>Yak\u0131t Enjekt\u00f6r\u00fc Soketi<\/strong><\/li>\n<li><strong>Klima Kompres\u00f6r Soketi<\/strong><\/li>\n<\/ul>\n","protected":false},"featured_media":62784,"template":"","meta":[],"product_brand":[],"product_cat":[90,87,111,113,105,89,112],"product_tag":[],"class_list":{"0":"post-55985","1":"product","2":"type-product","3":"status-publish","4":"has-post-thumbnail","6":"product_cat-1-kablolu-soketler","7":"product_cat-arac-grubu","8":"product_cat-honda","9":"product_cat-mazda","10":"product_cat-nissan","11":"product_cat-soket-grubu","12":"product_cat-toyota","14":"first","15":"instock","16":"taxable","17":"shipping-taxable","18":"purchasable","19":"product-type-simple"},"_links":{"self":[{"href":"https:\/\/otosoket.com\/index.php\/wp-json\/wp\/v2\/product\/55985","targetHints":{"allow":["GET"]}}],"collection":[{"href":"https:\/\/otosoket.com\/index.php\/wp-json\/wp\/v2\/product"}],"about":[{"href":"https:\/\/otosoket.com\/index.php\/wp-json\/wp\/v2\/types\/product"}],"wp:featuredmedia":[{"embeddable":true,"href":"https:\/\/otosoket.com\/index.php\/wp-json\/wp\/v2\/media\/62784"}],"wp:attachment":[{"href":"https:\/\/otosoket.com\/index.php\/wp-json\/wp\/v2\/media?parent=55985"}],"wp:term":[{"taxonomy":"product_brand","embeddable":true,"href":"https:\/\/otosoket.com\/index.php\/wp-json\/wp\/v2\/product_brand?post=55985"},{"taxonomy":"product_cat","embeddable":true,"href":"https:\/\/otosoket.com\/index.php\/wp-json\/wp\/v2\/product_cat?post=55985"},{"taxonomy":"product_tag","embeddable":true,"href":"https:\/\/otosoket.com\/index.php\/wp-json\/wp\/v2\/product_tag?post=55985"}],"curies":[{"name":"wp","href":"https:\/\/api.w.org\/{rel}","templated":true}]}}