{"id":56367,"date":"2023-10-29T10:05:38","date_gmt":"2023-10-29T10:05:38","guid":{"rendered":"https:\/\/otosoket.com\/index.php\/product\/soket-153\/"},"modified":"2026-04-19T12:27:29","modified_gmt":"2026-04-19T12:27:29","slug":"6k002a","status":"publish","type":"product","link":"https:\/\/otosoket.com\/index.php\/product\/6k002a\/","title":{"rendered":"6K002 A"},"content":{"rendered":"<p>________________________________________________________________________________________________________________________________________________________<\/p>\n<p><strong>OEM Renault Yak\u0131t Pompas\u0131 Soketi\u00a0:<span style=\"color: #ffffff;\">\u00a0<\/span><\/strong><span style=\"color: #ffffff;\"> 297307\/7700253265\/<\/span><\/p>\n<ul>\n<li>Renault Yak\u0131t Pompas\u0131 Soketi<\/li>\n<\/ul>\n<p>________________________________________________________________________________________________________________________________________________________<\/p>\n<p>CLIO I &#8211; 1.6 8V C3L &#8211; 1994 &#8211; 1999<br \/>\nCLIO II &#8211; 1.0 16V D4D &#8211; 2000 &#8211; 2016<br \/>\nCLIO II &#8211; 1.0 8V D7D &#8211; 2000 &#8211; 2005<br \/>\nCLIO II &#8211; 1.6 16V K4M &#8211; 2000 &#8211; 2013<br \/>\nCLIO II &#8211; 1.6 8V K7M &#8211; 2000 &#8211; 2002<br \/>\nDUSTER &#8211; 1.6 16V H4M &#8211; 2016 A&#8230;<br \/>\n2015<br \/>\nDuster &#8211; 2.0 16V F4R &#8211; 20 15A. &#8230;<br \/>\nExpress &#8211; 1,6 8V C3L &#8211; 1996 &#8211; 2002<br \/>\nFLUENCE &#8211; 1,6 16V K4M &#8211; 2011 A &#8230;.<br \/>\nFLUENCE &#8211; 2,0 16V F4R &#8211; 2011 &#8211; 2018<br \/>\nFLUENCE &#8211; 2,0 16V M4R &#8211; 2011 A &#8230;.<br \/>\nGRAND SCENIC &#8211; 2,0 16V F4R &#8211; 2008 &#8211; 2012<br \/>\nKANGOO EXPRESS &#8211; 1.6 16V K4M &#8211; 2014 &#8211; 2018<br \/>\nLAGUNA &#8211; 2.0 16V F4R &#8211; 1998 &#8211; 2001<br \/>\nLAGUNA &#8211; 2.0 16V N7Q &#8211; 1996 &#8211; 1998<br \/>\nLAGUNA &#8211; 2. 0 8V F3R &#8211; 1994 A 996<br \/>\nLago 16V\u00a0D4D &#8211; 2007<br \/>\n\u0130\u00c7\u0130N<br \/>\n2014<br \/>\nLOGAN\u00a0&#8211; 1.6 16V K4M &#8211; 2010 &#8211; 2014\u00a0LOGAN &#8211; 1.6 8V K7M &#8211; 2007 &#8211; 2013\u00a0LOGAN II &#8211; 1.0 12V B4D &#8211; 2016 A &#8230;.\u00a0LOGAN II &#8211; 1.0 16V D4D &#8211; 2014 &#8211; 2016\u00a0LOGAN II &#8211; 1.6 16 VH4M-2016 A ..\u00a0LOGAN II &#8211; 1.6 8V K7M &#8211; 2014 A &#8230;.\u00a0MASTER II &#8211; 2.5 16V G9U &#8211; 2004 A 2013\u00a0MASTER II &#8211; 2.8 8V S8W &#8211; 2002 A 2004\u00a0MASTER II &#8211; 2.8 8V S9W &#8211; 2002 A 2004\u00a0MASTER III &#8211; 2.3 16V M9T &#8211; 2013 A &#8230;.\u00a0MEGANE I &#8211; 1.6 16V K4M &#8211; 1999 &#8211; 2005\u00a0MEGANE I &#8211; 1.6 8V K7M &#8211; 1997 &#8211; 1999\u00a0MEGANE I &#8211; 2.0 16V F4M &#8211; 1999 &#8211; 2005\u00a0MEGANE I &#8211; 2.0 8V F3R &#8211; 19 97&#8217;ye 2001 NE\u00a0VADA &#8211;\u00a02,0\u00a0&#8211;16V &#8211; 1992 &#8211; 1997\u00a0R -19 &#8211; 1,8 16V F7P &#8211; 1992 &#8211; 1994\u00a0R -19 &#8211; 1,8 8V F3P &#8211; 1994 &#8211; 1997\u00a0R -21 &#8211; 2,0 8V J5t &#8211; 1992 &#8211; 1\u00a0994R- 21 &#8211; 2,2 8V J7t &#8211; 1992 &#8211; 1994\u00a0R- 21 NEVADA &#8211; 2,0 8V J5T &#8211; 1992 &#8211; 1994\u00a0R-21 NEVADA &#8211; 2,2 8V J7T &#8211; 1992 &#8211; 1994<\/p>\n","protected":false},"excerpt":{"rendered":"<ul>\n<li><strong>Yak\u0131t Pompas\u0131 Soketi<\/strong><\/li>\n<\/ul>\n","protected":false},"featured_media":63437,"template":"","meta":[],"product_brand":[],"product_cat":[94,129,89],"product_tag":[],"class_list":{"0":"post-56367","1":"product","2":"type-product","3":"status-publish","4":"has-post-thumbnail","6":"product_cat-6-kablolu-soketler","7":"product_cat-renault","8":"product_cat-soket-grubu","10":"first","11":"instock","12":"taxable","13":"shipping-taxable","14":"purchasable","15":"product-type-simple"},"_links":{"self":[{"href":"https:\/\/otosoket.com\/index.php\/wp-json\/wp\/v2\/product\/56367","targetHints":{"allow":["GET"]}}],"collection":[{"href":"https:\/\/otosoket.com\/index.php\/wp-json\/wp\/v2\/product"}],"about":[{"href":"https:\/\/otosoket.com\/index.php\/wp-json\/wp\/v2\/types\/product"}],"wp:featuredmedia":[{"embeddable":true,"href":"https:\/\/otosoket.com\/index.php\/wp-json\/wp\/v2\/media\/63437"}],"wp:attachment":[{"href":"https:\/\/otosoket.com\/index.php\/wp-json\/wp\/v2\/media?parent=56367"}],"wp:term":[{"taxonomy":"product_brand","embeddable":true,"href":"https:\/\/otosoket.com\/index.php\/wp-json\/wp\/v2\/product_brand?post=56367"},{"taxonomy":"product_cat","embeddable":true,"href":"https:\/\/otosoket.com\/index.php\/wp-json\/wp\/v2\/product_cat?post=56367"},{"taxonomy":"product_tag","embeddable":true,"href":"https:\/\/otosoket.com\/index.php\/wp-json\/wp\/v2\/product_tag?post=56367"}],"curies":[{"name":"wp","href":"https:\/\/api.w.org\/{rel}","templated":true}]}}