{"id":60501,"date":"2025-05-30T07:03:56","date_gmt":"2025-05-30T07:03:56","guid":{"rendered":"https:\/\/otosoket.com\/?post_type=product&#038;p=60501"},"modified":"2026-01-26T13:51:07","modified_gmt":"2026-01-26T13:51:07","slug":"ecu-35k001","status":"publish","type":"product","link":"https:\/\/otosoket.com\/index.php\/product\/ecu-35k001\/","title":{"rendered":"ECU 35K001"},"content":{"rendered":"<p>________________________________________________________________________________________________________________________________________________________<\/p>\n<p><strong>OEM \u0130\u015f makinesi beyin Soketi :<\/strong> <span style=\"color: #ffffff;\">776164-1\/DJ7358CA-1.3-21 \/\u00a0Hyster 2056243\/ 76164-1 776164-4 776164-5 776164-2<\/span><\/p>\n<p>________________________________________________________________________________________________________________________________________________________<\/p>\n","protected":false},"excerpt":{"rendered":"<ul>\n<li><strong>ECU \u0130\u015f Makinas\u0131 Beyin Soketi (forklift)<\/strong><\/li>\n<\/ul>\n","protected":false},"featured_media":61966,"template":"","meta":[],"product_brand":[],"product_cat":[193],"product_tag":[],"class_list":{"0":"post-60501","1":"product","2":"type-product","3":"status-publish","4":"has-post-thumbnail","6":"product_cat-35-kablolu-soketler","8":"first","9":"instock","10":"taxable","11":"shipping-taxable","12":"purchasable","13":"product-type-simple"},"_links":{"self":[{"href":"https:\/\/otosoket.com\/index.php\/wp-json\/wp\/v2\/product\/60501","targetHints":{"allow":["GET"]}}],"collection":[{"href":"https:\/\/otosoket.com\/index.php\/wp-json\/wp\/v2\/product"}],"about":[{"href":"https:\/\/otosoket.com\/index.php\/wp-json\/wp\/v2\/types\/product"}],"wp:featuredmedia":[{"embeddable":true,"href":"https:\/\/otosoket.com\/index.php\/wp-json\/wp\/v2\/media\/61966"}],"wp:attachment":[{"href":"https:\/\/otosoket.com\/index.php\/wp-json\/wp\/v2\/media?parent=60501"}],"wp:term":[{"taxonomy":"product_brand","embeddable":true,"href":"https:\/\/otosoket.com\/index.php\/wp-json\/wp\/v2\/product_brand?post=60501"},{"taxonomy":"product_cat","embeddable":true,"href":"https:\/\/otosoket.com\/index.php\/wp-json\/wp\/v2\/product_cat?post=60501"},{"taxonomy":"product_tag","embeddable":true,"href":"https:\/\/otosoket.com\/index.php\/wp-json\/wp\/v2\/product_tag?post=60501"}],"curies":[{"name":"wp","href":"https:\/\/api.w.org\/{rel}","templated":true}]}}