{"id":60610,"date":"2025-07-01T07:06:02","date_gmt":"2025-07-01T07:06:02","guid":{"rendered":"https:\/\/otosoket.com\/?post_type=product&#038;p=60610"},"modified":"2026-03-11T11:53:02","modified_gmt":"2026-03-11T11:53:02","slug":"4k054-a","status":"publish","type":"product","link":"https:\/\/otosoket.com\/index.php\/product\/4k054-a\/","title":{"rendered":"4K054 A"},"content":{"rendered":"<p>________________________________________________________________________________________________________________________________________________________<\/p>\n<p><strong>OEM Far EATC Sens\u00f6r\u00fc Kap\u0131 Kilidi\u00a0 Soketi :<\/strong> <span style=\"color: #ffffff;\">WPT-982 6U2Z-14S411-JB 31068-1011 31068-1010 31068-1040\u00a0<\/span><\/p>\n<ul>\n<li>Ford Far EATC Sens\u00f6r\u00fc Kap\u0131 Kilidi\u00a0 Soketi<\/li>\n<\/ul>\n<p>________________________________________________________________________________________________________________________________________________________<\/p>\n<p>&nbsp;<\/p>\n<p>________________________________________________________________________________________________________________________________________________________<\/p>\n","protected":false},"excerpt":{"rendered":"<ul>\n<li><strong>Far EATC Sens\u00f6r\u00fc Kap\u0131 Kilidi\u00a0 Soketi <\/strong><\/li>\n<\/ul>\n","protected":false},"featured_media":63332,"template":"","meta":[],"product_brand":[],"product_cat":[93,106],"product_tag":[],"class_list":{"0":"post-60610","1":"product","2":"type-product","3":"status-publish","4":"has-post-thumbnail","6":"product_cat-4-kablolu-soketler","7":"product_cat-ford","9":"first","10":"instock","11":"taxable","12":"shipping-taxable","13":"purchasable","14":"product-type-simple"},"_links":{"self":[{"href":"https:\/\/otosoket.com\/index.php\/wp-json\/wp\/v2\/product\/60610","targetHints":{"allow":["GET"]}}],"collection":[{"href":"https:\/\/otosoket.com\/index.php\/wp-json\/wp\/v2\/product"}],"about":[{"href":"https:\/\/otosoket.com\/index.php\/wp-json\/wp\/v2\/types\/product"}],"wp:featuredmedia":[{"embeddable":true,"href":"https:\/\/otosoket.com\/index.php\/wp-json\/wp\/v2\/media\/63332"}],"wp:attachment":[{"href":"https:\/\/otosoket.com\/index.php\/wp-json\/wp\/v2\/media?parent=60610"}],"wp:term":[{"taxonomy":"product_brand","embeddable":true,"href":"https:\/\/otosoket.com\/index.php\/wp-json\/wp\/v2\/product_brand?post=60610"},{"taxonomy":"product_cat","embeddable":true,"href":"https:\/\/otosoket.com\/index.php\/wp-json\/wp\/v2\/product_cat?post=60610"},{"taxonomy":"product_tag","embeddable":true,"href":"https:\/\/otosoket.com\/index.php\/wp-json\/wp\/v2\/product_tag?post=60610"}],"curies":[{"name":"wp","href":"https:\/\/api.w.org\/{rel}","templated":true}]}}