{"id":60655,"date":"2025-07-01T08:30:27","date_gmt":"2025-07-01T08:30:27","guid":{"rendered":"https:\/\/otosoket.com\/?post_type=product&#038;p=60655"},"modified":"2026-03-12T07:28:12","modified_gmt":"2026-03-12T07:28:12","slug":"6k048","status":"publish","type":"product","link":"https:\/\/otosoket.com\/index.php\/product\/6k048\/","title":{"rendered":"6K048"},"content":{"rendered":"<p>________________________________________________________________________________________________________________________________________________________<\/p>\n<p><strong>Oem \u00d6n Park Sens\u00f6r Ba\u011flant\u0131 Soketi :<\/strong> <span style=\"color: #ffffff;\">39680TZAE01ZZ, 7287-1380-30<\/span><\/p>\n<ul>\n<li>Acura \u00d6n Park Mesafe Kontrol Ba\u011flant\u0131 Soketi<\/li>\n<li>Honda \u00d6n Park Mesafe Kontrol Ba\u011flant\u0131 Soketi<\/li>\n<\/ul>\n<p>________________________________________________________________________________________________________________________________________________________<\/p>\n<p><strong>Oem Elektrik Gaz Pedal\u0131 Sens\u00f6r\u00fc PDC Sens\u00f6r\u00fc Soketi :\u00a0<\/strong><\/p>\n<p>&nbsp;<\/p>\n<p>________________________________________________________________________________________________________________________________________________________<\/p>\n","protected":false},"excerpt":{"rendered":"<ul>\n<li><strong>\u00d6n Park Sens\u00f6r Ba\u011flant\u0131 Soketi <\/strong><\/li>\n<li><strong>Elektrik Gaz Pedal\u0131 Sens\u00f6r\u00fc PDC Sens\u00f6r\u00fc Soketi<\/strong><\/li>\n<\/ul>\n","protected":false},"featured_media":63501,"template":"","meta":[],"product_brand":[],"product_cat":[94,152,111],"product_tag":[],"class_list":{"0":"post-60655","1":"product","2":"type-product","3":"status-publish","4":"has-post-thumbnail","6":"product_cat-6-kablolu-soketler","7":"product_cat-acura","8":"product_cat-honda","10":"first","11":"instock","12":"taxable","13":"shipping-taxable","14":"purchasable","15":"product-type-simple"},"_links":{"self":[{"href":"https:\/\/otosoket.com\/index.php\/wp-json\/wp\/v2\/product\/60655","targetHints":{"allow":["GET"]}}],"collection":[{"href":"https:\/\/otosoket.com\/index.php\/wp-json\/wp\/v2\/product"}],"about":[{"href":"https:\/\/otosoket.com\/index.php\/wp-json\/wp\/v2\/types\/product"}],"wp:featuredmedia":[{"embeddable":true,"href":"https:\/\/otosoket.com\/index.php\/wp-json\/wp\/v2\/media\/63501"}],"wp:attachment":[{"href":"https:\/\/otosoket.com\/index.php\/wp-json\/wp\/v2\/media?parent=60655"}],"wp:term":[{"taxonomy":"product_brand","embeddable":true,"href":"https:\/\/otosoket.com\/index.php\/wp-json\/wp\/v2\/product_brand?post=60655"},{"taxonomy":"product_cat","embeddable":true,"href":"https:\/\/otosoket.com\/index.php\/wp-json\/wp\/v2\/product_cat?post=60655"},{"taxonomy":"product_tag","embeddable":true,"href":"https:\/\/otosoket.com\/index.php\/wp-json\/wp\/v2\/product_tag?post=60655"}],"curies":[{"name":"wp","href":"https:\/\/api.w.org\/{rel}","templated":true}]}}