{"id":61487,"date":"2025-12-03T08:50:41","date_gmt":"2025-12-03T08:50:41","guid":{"rendered":"https:\/\/otosoket.com\/?post_type=product&#038;p=61487"},"modified":"2026-03-10T12:02:34","modified_gmt":"2026-03-10T12:02:34","slug":"2k118","status":"publish","type":"product","link":"https:\/\/otosoket.com\/index.php\/product\/2k118\/","title":{"rendered":"2K118"},"content":{"rendered":"<p>________________________________________________________________________________________________________________________________________________________<\/p>\n<p><strong>OEM Soket :<\/strong> <span style=\"color: #ffffff;\">DJ7027-2.8-21\/\u00a0893 971 632 \/\u00a0saklama b\u00f6lmesi lambas\u0131, g\u00fcnd\u00fcz far\u0131, ayak bo\u015flu\u011fu ayd\u0131nlatmas\u0131, bagaj b\u00f6lmesi ayd\u0131nlatmas\u0131.<\/span><\/p>\n<ul>\n<li>Audi Ayd\u0131nlatma Soketi<\/li>\n<li>Seat Ayd\u0131nlatma Soketi<\/li>\n<li>Skoda Ayd\u0131nlatma Soketi<\/li>\n<li>Volkswagen Ayd\u0131nlatma Soketi<\/li>\n<\/ul>\n<p>________________________________________________________________________________________________________________________________________________________<\/p>\n<p>&nbsp;<\/p>\n<p>________________________________________________________________________________________________________________________________________________________<\/p>\n","protected":false},"excerpt":{"rendered":"<ul>\n<li><strong>Ayd\u0131nlatma Soketi<\/strong><\/li>\n<\/ul>\n","protected":false},"featured_media":63081,"template":"","meta":[],"product_brand":[],"product_cat":[91,107,108,109,110,191],"product_tag":[],"class_list":{"0":"post-61487","1":"product","2":"type-product","3":"status-publish","4":"has-post-thumbnail","6":"product_cat-2-kablolu-soketler","7":"product_cat-audi","8":"product_cat-seat","9":"product_cat-skoda","10":"product_cat-volkswagen","11":"product_cat-yeni-urunler","13":"first","14":"instock","15":"taxable","16":"shipping-taxable","17":"purchasable","18":"product-type-simple"},"_links":{"self":[{"href":"https:\/\/otosoket.com\/index.php\/wp-json\/wp\/v2\/product\/61487","targetHints":{"allow":["GET"]}}],"collection":[{"href":"https:\/\/otosoket.com\/index.php\/wp-json\/wp\/v2\/product"}],"about":[{"href":"https:\/\/otosoket.com\/index.php\/wp-json\/wp\/v2\/types\/product"}],"wp:featuredmedia":[{"embeddable":true,"href":"https:\/\/otosoket.com\/index.php\/wp-json\/wp\/v2\/media\/63081"}],"wp:attachment":[{"href":"https:\/\/otosoket.com\/index.php\/wp-json\/wp\/v2\/media?parent=61487"}],"wp:term":[{"taxonomy":"product_brand","embeddable":true,"href":"https:\/\/otosoket.com\/index.php\/wp-json\/wp\/v2\/product_brand?post=61487"},{"taxonomy":"product_cat","embeddable":true,"href":"https:\/\/otosoket.com\/index.php\/wp-json\/wp\/v2\/product_cat?post=61487"},{"taxonomy":"product_tag","embeddable":true,"href":"https:\/\/otosoket.com\/index.php\/wp-json\/wp\/v2\/product_tag?post=61487"}],"curies":[{"name":"wp","href":"https:\/\/api.w.org\/{rel}","templated":true}]}}