{"id":61584,"date":"2025-12-16T14:10:50","date_gmt":"2025-12-16T14:10:50","guid":{"rendered":"https:\/\/otosoket.com\/?post_type=product&#038;p=61584"},"modified":"2026-03-12T07:38:50","modified_gmt":"2026-03-12T07:38:50","slug":"6k053","status":"publish","type":"product","link":"https:\/\/otosoket.com\/index.php\/product\/6k053\/","title":{"rendered":"6K053"},"content":{"rendered":"<p>________________________________________________________________________________________________________________________________________________________<\/p>\n<p><strong>OEM Geri G\u00f6r\u00fc\u015f Kameras\u0131 Park Yard\u0131m Soketi :<\/strong> <span style=\"color: #ffffff;\">DJ7066B-0.6-21\/F2GT-19H222-AD\/5363730\/F2GT19H222CA\/GB5Z-19G490-B<\/span><\/p>\n<ul>\n<li>Ford Geri G\u00f6r\u00fc\u015f Kameras\u0131 Park Yard\u0131m Soketi<\/li>\n<\/ul>\n<p>&nbsp;<\/p>\n<p>________________________________________________________________________________________________________________________________________________________<\/p>\n<p>&nbsp;<\/p>\n<p>________________________________________________________________________________________________________________________________________________________<\/p>\n","protected":false},"excerpt":{"rendered":"<ul>\n<li><strong>Geri G\u00f6r\u00fc\u015f Kameras\u0131 Park Yard\u0131m Soketi<\/strong><\/li>\n<\/ul>\n","protected":false},"featured_media":63508,"template":"","meta":[],"product_brand":[],"product_cat":[94,106,191],"product_tag":[],"class_list":{"0":"post-61584","1":"product","2":"type-product","3":"status-publish","4":"has-post-thumbnail","6":"product_cat-6-kablolu-soketler","7":"product_cat-ford","8":"product_cat-yeni-urunler","10":"first","11":"instock","12":"taxable","13":"shipping-taxable","14":"purchasable","15":"product-type-simple"},"_links":{"self":[{"href":"https:\/\/otosoket.com\/index.php\/wp-json\/wp\/v2\/product\/61584","targetHints":{"allow":["GET"]}}],"collection":[{"href":"https:\/\/otosoket.com\/index.php\/wp-json\/wp\/v2\/product"}],"about":[{"href":"https:\/\/otosoket.com\/index.php\/wp-json\/wp\/v2\/types\/product"}],"wp:featuredmedia":[{"embeddable":true,"href":"https:\/\/otosoket.com\/index.php\/wp-json\/wp\/v2\/media\/63508"}],"wp:attachment":[{"href":"https:\/\/otosoket.com\/index.php\/wp-json\/wp\/v2\/media?parent=61584"}],"wp:term":[{"taxonomy":"product_brand","embeddable":true,"href":"https:\/\/otosoket.com\/index.php\/wp-json\/wp\/v2\/product_brand?post=61584"},{"taxonomy":"product_cat","embeddable":true,"href":"https:\/\/otosoket.com\/index.php\/wp-json\/wp\/v2\/product_cat?post=61584"},{"taxonomy":"product_tag","embeddable":true,"href":"https:\/\/otosoket.com\/index.php\/wp-json\/wp\/v2\/product_tag?post=61584"}],"curies":[{"name":"wp","href":"https:\/\/api.w.org\/{rel}","templated":true}]}}