{"id":6165,"date":"2019-06-05T17:57:52","date_gmt":"2019-06-05T17:57:52","guid":{"rendered":"https:\/\/www.okler.net\/ezy\/wordpress\/shop-content\/?post_type=product&#038;p=22"},"modified":"2026-03-13T07:52:06","modified_gmt":"2026-03-13T07:52:06","slug":"clauren-bag","status":"publish","type":"product","link":"https:\/\/otosoket.com\/index.php\/product\/clauren-bag\/","title":{"rendered":"2K027"},"content":{"rendered":"<p>________________________________________________________________________________________________________________________________________________________<\/p>\n<p><strong>OEM Alternat\u00f6r&\u015earj Dinamo \u00c7evirici Soketi\u00a0 :<\/strong><\/p>\n<ul>\n<li>Mazda Alternat\u00f6r&\u015earj Dinamo \u00c7evirici Soketi<\/li>\n<\/ul>\n<p>________________________________________________________________________________________________________________________________________________________<\/p>\n<p>6 i Hatchback 5 kap\u0131l\u0131 2.3L 2260CC l4 GAS DOHC 2005 i\u00e7in yedek<br \/>\n6 i Limousine 4 kap\u0131l\u0131 2.3L 2260CC l4 GAS DOHC 2005 i\u00e7in yedek<br \/>\n6 i Hatchback 5 kap\u0131l\u0131 2.3L 2260CC l4 GAS DOHC 2004 i\u00e7in yedek<br \/>\n6 i Limousine 4 kap\u0131l\u0131 2.3L 2260CC l4 GAS DOHC 2004 i\u00e7in yedek<br \/>\n6 i Limousine 4 kap\u0131l\u0131 2,3 l 2260 cc l4 GAS DOHC 2003 i\u00e7in yedek<br \/>\nMPV DX standart yolcu minib\u00fcs\u00fc i\u00e7in yedek 3 kap\u0131l\u0131 2,5 l 2497 cc V6 GAS DOHC 2001<br \/>\nMPV ES Standart Yolcu Van 3 Kap\u0131l\u0131 2,5 l 2497CC V6 GAS DOHC 2001 i\u00e7in Yedek<br \/>\nMPV LX Standart Yolcu Van 3 Kap\u0131l\u0131 2,5L 2497CC V6 GAS DOHC 2001 i\u00e7in Yedek<br \/>\nMPV DX Standart Yolcu Van 3 Kap\u0131l\u0131 2,5L 2497CC V6 GAS DOHC 2000 i\u00e7in Yedek<br \/>\nMPV ES standart yolcu minib\u00fcs\u00fc, 3 kap\u0131l\u0131, 2,5 l, 2497 cm\u00b3, V6, GAS, DOHC, 2000 i\u00e7in yedek<br \/>\nMPV LX, standart yolcu minib\u00fcs\u00fc i\u00e7in yedek, 3 kap\u0131l\u0131, 2,5 l, 2497 cm\u00b3, V6, GAS, DOHC, 2000<\/p>\n","protected":false},"excerpt":{"rendered":"<ul>\n<li>Alternat\u00f6r&amp;\u015earj Dinamo \u00c7evirici Soketi<\/li>\n<\/ul>\n","protected":false},"featured_media":62904,"template":"","meta":[],"product_brand":[],"product_cat":[91,87,111,113,105,89,112],"product_tag":[],"class_list":{"0":"post-6165","1":"product","2":"type-product","3":"status-publish","4":"has-post-thumbnail","6":"product_cat-2-kablolu-soketler","7":"product_cat-arac-grubu","8":"product_cat-honda","9":"product_cat-mazda","10":"product_cat-nissan","11":"product_cat-soket-grubu","12":"product_cat-toyota","14":"first","15":"instock","16":"taxable","17":"shipping-taxable","18":"purchasable","19":"product-type-simple"},"_links":{"self":[{"href":"https:\/\/otosoket.com\/index.php\/wp-json\/wp\/v2\/product\/6165","targetHints":{"allow":["GET"]}}],"collection":[{"href":"https:\/\/otosoket.com\/index.php\/wp-json\/wp\/v2\/product"}],"about":[{"href":"https:\/\/otosoket.com\/index.php\/wp-json\/wp\/v2\/types\/product"}],"wp:featuredmedia":[{"embeddable":true,"href":"https:\/\/otosoket.com\/index.php\/wp-json\/wp\/v2\/media\/62904"}],"wp:attachment":[{"href":"https:\/\/otosoket.com\/index.php\/wp-json\/wp\/v2\/media?parent=6165"}],"wp:term":[{"taxonomy":"product_brand","embeddable":true,"href":"https:\/\/otosoket.com\/index.php\/wp-json\/wp\/v2\/product_brand?post=6165"},{"taxonomy":"product_cat","embeddable":true,"href":"https:\/\/otosoket.com\/index.php\/wp-json\/wp\/v2\/product_cat?post=6165"},{"taxonomy":"product_tag","embeddable":true,"href":"https:\/\/otosoket.com\/index.php\/wp-json\/wp\/v2\/product_tag?post=6165"}],"curies":[{"name":"wp","href":"https:\/\/api.w.org\/{rel}","templated":true}]}}